((-9788)/(-18) - (-6)/27). Calculate the highest common factor of j and 11.
11
Let q(l) = -l + 47. Let m(p) = 48. Let o(h) = -6*m(h) + 7*q(h). Let f be o(3). What is the greatest common divisor of f and 80?
20
Let w be -40*10/(-40) - 2. Let i(r) = -34*r - 10. Let q be i(-9). What is the highest common factor of q and w?
8
Suppose 101*x + 20*x = 181621. What is the highest common factor of x and 79?
79
Let f = -50 - -149. Let a be ((-208)/(-39))/(6/f). Let w be a/4 + 4/1. Calculate the greatest common divisor of w and 130.
26
Let v be -2*5/(-15)*-9. Let x = v + 23. Let h be (4 + 4)/(3 + 100/(-34)). What is the greatest common factor of x and h?
17
Suppose -24*y + 36*y = 240. What is the greatest common divisor of 1340 and y?
20
Let o be -4 + 51/6 - 1/(-2). Suppose o*y + 21 = 12*y. Let t be ((-18)/12)/(y/(-50)). What is the greatest common divisor of 5 and t?
5
Let r be 10 - (2/(-19) - (-2068152)/(-703)). What is the greatest common factor of 324 and r?
36
Let c(z) = -2*z**3 - 89*z**2 + 42*z - 90. Let m be c(-45). Let g = -8 - -8. Suppose -5*u = -g*u - 150. Calculate the greatest common factor of m and u.
15
Let n(b) = 2*b**3 + 9*b**2 + 4*b + 2. Suppose r + 6 = -2*p + 3*p, 3*p = -3*r - 6. Let j be n(r). What is the highest common divisor of j and 3?
1
Suppose 11*v + 4*v - 930 = -47*v. What is the highest common factor of 115 and v?
5
Let z = 6 + -6. Let m be (-12 + 0)/(z - 1). Let t(g) = 7*g**2 - 17*g + 8. Let k be t(2). What is the highest common factor of k and m?
2
Suppose 0*d = -3*d + 15. Suppose d*m = 3*m + 24. Suppose 7*o + 11904 = 131*o. What is the greatest common divisor of o and m?
12
Let b = -3114 + 3357. Calculate the greatest common factor of 45 and b.
9
Suppose 5*c + 26 = 171. Let q(j) = -57*j - 169. Suppose -12*p - 18 = 42. Let z be q(p). What is the greatest common divisor of c and z?
29
Let d = -52 + 65. Suppose 10*h - d = 7. Suppose -4*k + h*k + m = -31, m = 5. What is the highest common factor of 2 and k?
2
Let x be (-282)/(-2) + 2 - -1. Suppose x = v + v. Let l(n) = 2*n**3 - 51*n**2 - 78*n - 63. Let y be l(27). Calculate the greatest common divisor of y and v.
18
Let i = -3396 - -3865. Calculate the highest common divisor of 42 and i.
7
Let u(a) = -25*a + 5. Let r(s) = 9*s - 1. Let i(o) = 17*r(o) + 6*u(o). Let y be i(2). Calculate the greatest common divisor of y and 247.
19
Let q = 3621 - 2139. What is the highest common factor of q and 171?
57
Suppose -5*q + 124 = -16. Let k(m) = 330*m - 2956. Let x be k(9). What is the highest common factor of q and x?
14
Suppose 0 = 2*b + 3*b - 20. Suppose 105 + 3 = 4*j - 4*o, 2*j - 3*o = 57. Let t be (-64)/j*(-3)/2. What is the greatest common factor of b and t?
4
Let u = -1478 + 2760. Calculate the highest common factor of 2 and u.
2
Suppose -3*i + 14 = -i + k, i + 4*k = 0. Let u be i/(-3)*54/36. Let w be 14*-1*(u - -2). Calculate the greatest common factor of 308 and w.
28
Suppose -m - 1099 = 15*m - 121035. What is the greatest common divisor of m and 8?
8
Suppose h = -13*h + 42. Suppose -h*x + 26 = 4*t - 58, -4*x - 4*t = -108. What is the highest common divisor of 312 and x?
24
Let z = 4055 + -3257. What is the highest common divisor of 126 and z?
42
Let l be (-1)/((-1)/129) + 3. Suppose 5*q - 2*n + 4*n + 642 = 0, 500 = -4*q - 5*n. Let h = 142 + q. What is the greatest common factor of l and h?
12
Let b(a) = -31*a - 161. Let y be b(-5). Let k be -2 - ((-82 - y) + (0 - 0)). Suppose -2*s + 370 = -0*s. What is the greatest common divisor of s and k?
37
Let d be (-824)/(-32) + 1/4. Suppose -7*v = -d + 5. Suppose -5*j + 258 = f, -3*j + 2*f + 154 = v*f. Calculate the greatest common divisor of j and 65.
13
Let k = -1 + 14. Calculate the highest common factor of k and 42.
1
Let m be 161 - (-28)/((-84)/(-45)). What is the greatest common factor of 512 and m?
16
Let r(t) = 34*t**2 + 452*t - 53. Let o be r(-16). What is the highest common divisor of 66 and o?
33
Let o be ((-29)/58)/(3/(-210)). Calculate the highest common factor of 9485 and o.
35
Suppose 160 - 1882 = -7*g. Calculate the highest common divisor of g and 2378.
82
Let k = 0 - -4. Suppose 0*i - 56 = -k*i. Suppose 2*h = -b + 18 + 125, -3*h - 7*b + 231 = 0. Calculate the highest common divisor of i and h.
14
Suppose -l + 92 = t, 0*t - t = 3*l - 98. Let s = t - 81. Suppose s*i + i = 378. What is the highest common divisor of i and 336?
42
Suppose -62089 = -202*r + 2571395 + 237946. What is the greatest common divisor of r and 5?
5
Let m be 495 + 5 + -15 - (-2 + 7). What is the highest common divisor of 195 and m?
15
Let v be -20*7/(-84)*21 - 5. Suppose 0*k = 4*k - 48. What is the greatest common divisor of k and v?
6
Suppose -49*y + 46*y = -4*a - 13, a - 5*y = 1. Let o be a/((19/855)/(1/(-3))). Calculate the highest common factor of 570 and o.
30
Suppose -6*i + 4*i + 2*l = 2, 4 = 2*i - 4*l. Let m(f) = -4*f**3 - f**2 + 15*f - 5. Let a be m(i). What is the greatest common factor of 14 and a?
7
Let n(l) = 3*l**2 - 35*l - 48. Let j be n(17). Suppose 5*g + j = 12*g. Calculate the highest common factor of g and 4.
4
Let q be -20*2/(-4) + 5. Suppose -q = -22*l + 17*l. Let r be (6 - -2)/4 + 0. Calculate the highest common factor of l and r.
1
Suppose -5*c = -4*i + 229, 2*i + 4*c - 36 = 46. Calculate the highest common factor of i and 187.
17
Suppose 0 = -218*j + 222*j - 3*b - 193, -3*j = b - 135. What is the greatest common factor of 5014 and j?
46
Let g be (-3)/(-2)*40/12. Let p(n) = 405*n - 6471. Let i be p(16). Calculate the greatest common divisor of i and g.
1
Let y be -2*717/(-6) + 4. Let c = y - 105. Calculate the greatest common divisor of c and 12.
6
Let f be ((-7)/((-112)/(-24)))/((-3)/214). Let o be f + (-4 - (0 - -3)). Calculate the greatest common divisor of 175 and o.
25
Suppose 110925 = 169*v - 16*v. What is the highest common factor of v and 175?
25
Suppose 0 = -4*z + 5*z + 4*s - 87, 5*z - 2*s = 501. Let u = 16 - -32. Let d = u + -37. Calculate the greatest common divisor of d and z.
11
Suppose 100 = 2*m - 0*m. Let x be ((-2375)/(-380))/(2 + 14/(-8)). Calculate the greatest common factor of x and m.
25
Let o(r) = -r**3 - 92*r**2 - 266*r + 107. Let x be o(-89). Calculate the highest common divisor of 189 and x.
9
Let y(j) = 2*j**3 - 4*j**2 + 24*j - 72. Let b(h) = -h**3 - 4*h**2 - 6*h - 20. Let c be b(-4). Let t be y(c). What is the greatest common divisor of t and 56?
8
Suppose 0 = 9*j + 72*j - 58644. What is the highest common divisor of 16 and j?
4
Suppose 6418*z = 6448*z - 4080. Calculate the highest common factor of z and 24.
8
Let a(m) be the second derivative of 10*m + 1/2*m**3 + 2*m**2 + 0. Let f be a(8). What is the highest common divisor of 252 and f?
28
Let b = -258 - -261. Suppose 23 = -b*w + 26*w. Calculate the highest common divisor of w and 43.
1
Let m be 15694/77 + 2/11. Let d = -790 - -858. What is the greatest common factor of m and d?
68
Let h(c) = 3*c**2 - 8. Let f be h(6). Suppose -24*u + 33*u = 180. Let g be u/200 - 1596/(-40). What is the highest common divisor of f and g?
20
Let s = -584 - -600. Suppose -s*q - 1710 = -22*q. Calculate the greatest common factor of q and 15.
15
Suppose -3*g + 2 = -2*g. Suppose -g*c = -c - 96. Calculate the greatest common divisor of c and 72.
24
Let s = 78 - 68. Let o be 12/(-5)*(525/s)/(-7). Suppose o = 3*y - 54. Calculate the greatest common factor of y and 36.
12
Suppose -2*h + r + 46 = -15, -17 = -h + 5*r. Let k(n) = n**3 - 6*n**2 - 647*n + 5160. Let y be k(8). Calculate the highest common factor of h and y.
16
Let z(m) = 124*m + 1724. Let c be z(-13). What is the highest common factor of c and 368?
16
Let q be (8/(-28))/1 + 16180/35. Suppose -q = -30*x + 23*x. Calculate the greatest common factor of x and 33.
33
Let l be 10/45 + (-212)/(-18). Let i = -3327 + 3332. Suppose -3*w + 4*w - 60 = -i*b, 5*w = b - l. Calculate the highest common divisor of b and 12.
12
Let s(n) = -2315*n - 27756. Let w be s(-12). Let m = -954 - -1386. What is the highest common factor of w and m?
24
Let q = 17182 + -12286. What is the greatest common factor of q and 2754?
306
Let n be (380/6 + (89 - 99))*66/5. What is the greatest common factor of 33 and n?
11
Suppose 2 = y - 0*y. Suppose -23 = -y*q + 103. Suppose 0 = 4*g - 357 - q. What is the highest common divisor of 21 and g?
21
Let j(z